tors of 2282928?
2, 3, 199, 239
What are the prime factors of 428959?
251, 1709
List the prime factors of 1165724.
2, 7, 17, 31, 79
List the prime factors of 382859.
97, 3947
What are the prime factors of 16062510?
2, 3, 5, 23, 23279
List the prime factors of 2905900.
2, 5, 29059
List the prime factors of 473279.
473279
List the prime factors of 13958096.
2, 872381
What are the prime factors of 854326?
2, 11, 38833
List the prime factors of 1250051.
11, 10331
List the prime factors of 8370832.
2, 523177
What are the prime factors of 456087?
3, 152029
What are the prime factors of 2881349?
2881349
List the prime factors of 24258961.
24258961
List the prime factors of 4023086.
2, 2011543
List the prime factors of 25924.
2, 6481
What are the prime factors of 620556?
2, 3, 51713
List the prime factors of 239222.
2, 119611
List the prime factors of 1221261.
3, 79, 5153
What are the prime factors of 452288?
2, 37, 191
What are the prime factors of 938349?
3, 17, 6133
What are the prime factors of 25541911?
25541911
List the prime factors of 213613.
213613
List the prime factors of 138130.
2, 5, 19, 727
What are the prime factors of 259074?
2, 3, 37, 389
What are the prime factors of 21860477?
21860477
List the prime factors of 444314.
2, 13, 23, 743
What are the prime factors of 122819?
122819
List the prime factors of 382001.
382001
List the prime factors of 16367761.
1753, 9337
What are the prime factors of 697878?
2, 3, 137, 283
List the prime factors of 1032020.
2, 5, 11, 4691
What are the prime factors of 1703321?
137, 12433
List the prime factors of 120258.
2, 3, 17, 131
What are the prime factors of 33390543?
3, 19, 585799
List the prime factors of 5989583.
53, 113011
What are the prime factors of 107745?
3, 5, 11, 653
What are the prime factors of 497554?
2, 193, 1289
What are the prime factors of 22669113?
3, 281, 26891
What are the prime factors of 270371?
270371
What are the prime factors of 1854166?
2, 927083
What are the prime factors of 1135483?
1135483
What are the prime factors of 618230?
2, 5, 211, 293
What are the prime factors of 308502?
2, 3, 29, 197
What are the prime factors of 1262114?
2, 7, 17, 5303
What are the prime factors of 39198?
2, 3, 47, 139
List the prime factors of 183519.
3, 7, 971
List the prime factors of 929302.
2, 11, 53, 797
List the prime factors of 145937.
11, 13267
What are the prime factors of 1170119?
1170119
What are the prime factors of 266304?
2, 3, 19, 73
What are the prime factors of 12119624?
2, 11, 137723
List the prime factors of 4647788.
2, 1161947
What are the prime factors of 14178?
2, 3, 17, 139
List the prime factors of 206736.
2, 3, 59, 73
What are the prime factors of 507199?
7, 11, 941
List the prime factors of 19625916.
2, 3, 101, 16193
List the prime factors of 452237.
137, 3301
List the prime factors of 4799439.
3, 149, 1193
What are the prime factors of 1984369?
367, 5407
What are the prime factors of 7915006?
2, 11, 97, 3709
List the prime factors of 264818.
2, 132409
What are the prime factors of 4268909?
4268909
List the prime factors of 401392.
2, 25087
List the prime factors of 716569.
7, 102367
What are the prime factors of 28659669?
3, 2297, 4159
List the prime factors of 2803877.
2803877
What are the prime factors of 407546?
2, 203773
List the prime factors of 15184219.
73, 208003
What are the prime factors of 11206968?
2, 3, 466957
List the prime factors of 1230159.
3, 7, 58579
List the prime factors of 10532793.
3, 131, 26801
What are the prime factors of 597785?
5, 119557
List the prime factors of 857213.
7, 139, 881
What are the prime factors of 3542776?
2, 113, 3919
List the prime factors of 618059.
13, 47543
List the prime factors of 25092806.
2, 19, 660337
What are the prime factors of 397932?
2, 3, 33161
What are the prime factors of 515907?
3, 7, 19, 431
List the prime factors of 17057233.
503, 33911
What are the prime factors of 65745?
3, 5, 487
List the prime factors of 3258836.
2, 7, 116387
List the prime factors of 7697157.
3, 13, 23, 8581
List the prime factors of 6685552.
2, 281, 1487
What are the prime factors of 373256?
2, 13, 37, 97
List the prime factors of 521946.
2, 3, 107, 271
List the prime factors of 15885225.
3, 5, 17, 4153
List the prime factors of 3101830.
2, 5, 313, 991
What are the prime factors of 1268915?
5, 19, 37
What are the prime factors of 9777021?
3, 557, 5851
List the prime factors of 103918.
2, 223, 233
List the prime factors of 32945.
5, 11, 599
What are the prime factors of 934400?
2, 5, 73
List the prime factors of 235791.
3, 41, 71
List the prime factors of 10298836.
2, 19, 135511
List the prime factors of 1386160.
2, 5, 17327
List the prime factors of 1584976.
2, 23, 59, 73
What are the prime factors of 9199065?
3, 5, 499, 1229
List the prime factors of 148756.
2, 37189
List the prime factors of 180578.
2, 90289
List the prime factors of 2249583.
3, 7, 107123
What are the prime factors of 3720778?
2, 67, 27767
List the prime factors of 177029.
211, 839
What are the prime factors of 462397?
13, 35569
What are the prime factors of 953913?
3, 317971
What are the prime factors of 15805249?
449, 35201
List the prime factors of 1646409.
3, 23, 107, 223
List the prime factors of 274603.
7, 39229
List the prime factors of 219637.
11, 41, 487
What are the prime factors of 773873?
73, 10601
List the prime factors of 524297.
17, 30841
List the prime factors of 1019262.
2, 3, 257, 661
What are the prime factors of 3452732?
2, 617, 1399
What are the prime factors of 2911058?
2, 971, 1499
What are the prime factors of 27068?
2, 67, 101
What are the prime factors of 76814?
2, 193, 199
What are the prime factors of 1884296?
2, 235537
What are the prime factors of 10937310?
2, 3, 5, 193, 1889
List the prime factors of 9792081.
3, 13, 127, 659
List the prime factors of 9168534.
2, 3, 509363
List the prime factors of 36693.
3, 151
List the prime factors of 207243.
3, 23027
What are the prime factors of 9340504?
2, 233, 5011
What are the prime factors of 16519786?
2, 199, 41507
List the prime factors of 278367.
3, 92789
List the prime factors of 10579838.
2, 29, 79, 2309
List the prime factors of 40482.
2, 3, 13, 173
List the prime factors of 240407.
19, 12653
List the prime factors of 59568.
2, 3, 17, 73
List the prime factors of 2565062.
2, 17, 37, 2039
What are the prime factors of 1555993?
17, 91529
List the prime factors of 3143159.
3143159
List the prime factors of 16714598.
2, 647, 12917
List the prime factors of 864440.
2, 5, 21611
List the prime factors of 29684536.
2, 7, 19, 23, 1213
List the prime factors of 23560973.
23560973
List the prime factors of 1292122.
2, 13, 49697
What are the prime factors of 2469500?
2, 5, 11, 449
What are the prime factors of 2355572?
2, 588893
What are the prime factors of 6821660?
2, 5, 341083
List the prime factors of 825692.
2, 7, 37, 797
What are the prime factors of 823721?
823721
What are the prime factors of 3143578?
2, 1571789
List the prime factors of 2243334.
2, 3, 89, 4201
What are the prime factors of 86611?
7, 12373
What are the prime factors of 11555834?
2, 5777917
List the prime factors of 8988.
2, 3, 7, 107
List the prime factors of 369895.
5, 29, 2551
List the prime factors of 156279.
3, 113, 461
What are the prime factors of 55984?
2, 3499
What are the prime factors of 136522?
2, 68261
List the prime factors of 221288.
2, 139, 199
What are the prime factors of 239636?
2, 139, 431
List the prime factors of 1993225.
5, 13, 6133
List the prime factors of 3141520.
2, 5, 107, 367
List the prime factors of 263538.
2, 3, 11
What are the prime factors of 741709?
741709
List the prime factors of 533456.
2, 7, 11, 433
What are the prime factors of 1976206?
2, 23, 42961
What are the prime factors of 2911668?
2, 3, 242639
List the prime factors of 42952.
2, 7, 13, 59
What are the prime factors of 80478?
2, 3, 17, 263
List the prime factors of 1658952.
2, 3, 23041
List the prime factors of 17010608.
2, 17, 62539
What are the prime factors of 1709658?
2, 3, 19, 4999
List the prime factors of 238421.
31, 7691
What are the prime factors of 1379964?
2, 3, 114997
What are the prime factors of 403491?
3, 11, 12227
What are the prime factors of 273566?
2, 43, 3181
What are the prime factors of 106045?
5, 127, 